{"id":45,"date":"2017-03-30T12:21:11","date_gmt":"2017-03-30T12:21:11","guid":{"rendered":"https:\/\/epita.xyz\/investigacion\/?page_id=45"},"modified":"2024-05-20T20:06:30","modified_gmt":"2024-05-20T20:06:30","slug":"ciproasig","status":"publish","type":"page","link":"https:\/\/epita.edu.pe\/investigacion\/ciproasig\/","title":{"rendered":"CIPROASIG"},"content":{"rendered":"<p><div class=\"SpecialHeading fw-heading  text-center mb-40\">\r\n\t<h2 class=\"special-title is-block-reveal\">CENTRO DE INVESTIGACI\u00d3N, PROCESAMIENTO Y AN\u00c1LISIS DE IM\u00c1GENES SATELITALES <\/h2>\r\n\t\t\t<div class=\"special-subtitle-center is-block-reveal font-subheading\">ESCUELA PROFESIONAL DE INGENIER\u00cdA TOPOGR\u00c1FICA Y AGRIMENSURA<\/div>\r\n\t<\/div>\r\n<div class=\"row\">\r\n\t<div class=\"col-sm-6\">\r\n\t\t<p style=\"text-align: center;\"><em><strong>Dr. Elmer Elio Calizaya Llatasi<\/strong><\/em><strong><br \/><\/strong><em>Director CIPROASIG<\/em><\/p><p style=\"text-align: center;\">Contacto:<br \/><img loading=\"lazy\" decoding=\"async\" class=\"alignnone wp-image-209\" src=\"https:\/\/www.epita.edu.pe\/social\/wp-content\/uploads\/2019\/08\/e-mail.png\" alt=\"\" width=\"20\" height=\"15\" \/> <a href=\"mailto:ecalizaya@unap.edu.pe\"><strong>ecalizaya@unap.edu.pe<\/strong><\/a><strong><br \/><img loading=\"lazy\" decoding=\"async\" class=\"alignnone wp-image-210\" src=\"https:\/\/www.epita.edu.pe\/social\/wp-content\/uploads\/2019\/08\/telefono-300x300.png\" alt=\"\" width=\"20\" height=\"20\" \/> <\/strong><\/p>\t<\/div>\r\n\t<div class=\"col-sm-6\">\r\n\t\t<p><img loading=\"lazy\" decoding=\"async\" class=\"alignnone wp-image-330 size-medium\" src=\"https:\/\/epita.edu.pe\/investigacion\/wp-content\/uploads\/2022\/07\/Ph.D.-Elmer-Elio-Calizaya-Llatasi-02-300x300.png\" alt=\"\" width=\"300\" height=\"300\" srcset=\"https:\/\/epita.edu.pe\/investigacion\/wp-content\/uploads\/2022\/07\/Ph.D.-Elmer-Elio-Calizaya-Llatasi-02-300x300.png 300w, https:\/\/epita.edu.pe\/investigacion\/wp-content\/uploads\/2022\/07\/Ph.D.-Elmer-Elio-Calizaya-Llatasi-02-1024x1024.png 1024w, https:\/\/epita.edu.pe\/investigacion\/wp-content\/uploads\/2022\/07\/Ph.D.-Elmer-Elio-Calizaya-Llatasi-02-150x150.png 150w, https:\/\/epita.edu.pe\/investigacion\/wp-content\/uploads\/2022\/07\/Ph.D.-Elmer-Elio-Calizaya-Llatasi-02-768x768.png 768w, https:\/\/epita.edu.pe\/investigacion\/wp-content\/uploads\/2022\/07\/Ph.D.-Elmer-Elio-Calizaya-Llatasi-02-1536x1536.png 1536w, https:\/\/epita.edu.pe\/investigacion\/wp-content\/uploads\/2022\/07\/Ph.D.-Elmer-Elio-Calizaya-Llatasi-02-100x100.png 100w, https:\/\/epita.edu.pe\/investigacion\/wp-content\/uploads\/2022\/07\/Ph.D.-Elmer-Elio-Calizaya-Llatasi-02-700x700.png 700w, https:\/\/epita.edu.pe\/investigacion\/wp-content\/uploads\/2022\/07\/Ph.D.-Elmer-Elio-Calizaya-Llatasi-02-1300x1300.png 1300w, https:\/\/epita.edu.pe\/investigacion\/wp-content\/uploads\/2022\/07\/Ph.D.-Elmer-Elio-Calizaya-Llatasi-02-50x50.png 50w, https:\/\/epita.edu.pe\/investigacion\/wp-content\/uploads\/2022\/07\/Ph.D.-Elmer-Elio-Calizaya-Llatasi-02.png 1772w\" sizes=\"auto, (max-width: 300px) 100vw, 300px\" \/><\/p>\t<\/div>\r\n<\/div><div class=\"fw-accordion\">\r\n\t\t\t<h3 class=\"fw-accordion-title element-title\">Objetivo<\/h3>\r\n\t\t<div class=\"fw-accordion-content\">\r\n\t\t\t<p>Es la producci\u00f3n de conocimiento a trav\u00e9s del desarrollo de l\u00edneas de investigaci\u00f3n donde se enmarcan las diferentes problem\u00e1ticas presentadas para darles las mejores soluciones posibles, seg\u00fan su campo de acci\u00f3n.<\/p>\r\n\t\t<\/div>\r\n\t\t\t<h3 class=\"fw-accordion-title element-title\">Nosotros<\/h3>\r\n\t\t<div class=\"fw-accordion-content\">\r\n\t\t\t<p>El \"CIPROASIG\" presta servicios t\u00e9cnicos y de gesti\u00f3n a sus posibles beneficiarios, puede estar orientado a la generaci\u00f3n de bienes p\u00fablicos de conocimiento para el pa\u00eds, as\u00ed como tener una orientaci\u00f3n a la generaci\u00f3n de conocimiento y su aplicaci\u00f3n mediante procesos de desarrollo tecnol\u00f3gico.<\/p>\r\n\t\t<\/div>\r\n\t<\/div>\r\n\t<div class=\"IconText\">\r\n\r\n\t\r\n\t\t<div class=\"icon-text-item\">\r\n\t\t\t<i class=\"icon-tools\"><\/i>\r\n\t\t\t<span>\u00daLTIMOS CURSOS Y CAPACITACIONES<\/span>\r\n\t\t<\/div>\r\n\r\n\t\r\n\t<\/div><!-- end IconText -->\r\n<\/p>\n<h6 style=\"padding-left: 40px;\"><strong>\u21d2<\/strong><strong>&nbsp;<\/strong><strong>&nbsp;<\/strong><em><strong>RECEPTORES GNSS \/ GPS DIFERENCIAL<\/strong><\/em><\/h6>\n<h6 style=\"padding-left: 40px;\"><strong>\u21d2<\/strong><strong>&nbsp;&nbsp;<\/strong><a href=\"https:\/\/www.epita.edu.pe\/educacion\/curso-taller-fotogrametria-digital-aplicado-a-los-uav-drones-ebee-x-sensefly\/\"><em><strong>FOTOGRAMETRIA DIGITAL APLICANDO LOS UAV-DRONES EBEE X SENSEFLY<\/strong><\/em><\/a><\/h6>\n<h6 style=\"padding-left: 40px;\"><strong>\u21d2<\/strong><strong>&nbsp;<\/strong><em><strong>&nbsp;I \u2013 CURSO DE ACTUALIZACI\u00d3N DE INGENIER\u00cdA TOPOGR\u00c1FICA Y AGRIMENSURA \u2013 2019<\/strong><\/em><\/h6>\n<h6 style=\"padding-left: 40px;\"><strong>\u21d2<\/strong><strong>&nbsp;<\/strong><strong>&nbsp;<\/strong><em><strong>EQUIPOS Y SISTEMAS TECNOL\u00d3GICOS ENFOCADOS AL CONTROL TERRESTRE<\/strong><\/em><\/h6>\n<h6 style=\"padding-left: 40px;\"><strong>\u21d2<\/strong><strong>&nbsp;<\/strong><strong>&nbsp;<\/strong><em><strong>II \u2013 CONGRESO NACIONAL DE INGENIER\u00cdA TOPOGR\u00c1FICA<\/strong><\/em><\/h6>\n<p>&nbsp;<\/p>\n","protected":false},"excerpt":{"rendered":"<p>\u21d2&nbsp;&nbsp;RECEPTORES GNSS \/ GPS DIFERENCIAL \u21d2&nbsp;&nbsp;FOTOGRAMETRIA DIGITAL APLICANDO LOS UAV-DRONES EBEE X SENSEFLY \u21d2&nbsp;&nbsp;I \u2013 CURSO DE ACTUALIZACI\u00d3N DE INGENIER\u00cdA TOPOGR\u00c1FICA Y AGRIMENSURA \u2013 2019 \u21d2&nbsp;&nbsp;EQUIPOS Y SISTEMAS TECNOL\u00d3GICOS ENFOCADOS AL CONTROL TERRESTRE \u21d2&nbsp;&nbsp;II \u2013 CONGRESO NACIONAL DE INGENIER\u00cdA TOPOGR\u00c1FICA &nbsp;<\/p>\n","protected":false},"author":1,"featured_media":0,"parent":0,"menu_order":0,"comment_status":"closed","ping_status":"closed","template":"","meta":{"footnotes":""},"class_list":["post-45","page","type-page","status-publish","hentry"],"_links":{"self":[{"href":"https:\/\/epita.edu.pe\/investigacion\/wp-json\/wp\/v2\/pages\/45","targetHints":{"allow":["GET"]}}],"collection":[{"href":"https:\/\/epita.edu.pe\/investigacion\/wp-json\/wp\/v2\/pages"}],"about":[{"href":"https:\/\/epita.edu.pe\/investigacion\/wp-json\/wp\/v2\/types\/page"}],"author":[{"embeddable":true,"href":"https:\/\/epita.edu.pe\/investigacion\/wp-json\/wp\/v2\/users\/1"}],"replies":[{"embeddable":true,"href":"https:\/\/epita.edu.pe\/investigacion\/wp-json\/wp\/v2\/comments?post=45"}],"version-history":[{"count":31,"href":"https:\/\/epita.edu.pe\/investigacion\/wp-json\/wp\/v2\/pages\/45\/revisions"}],"predecessor-version":[{"id":352,"href":"https:\/\/epita.edu.pe\/investigacion\/wp-json\/wp\/v2\/pages\/45\/revisions\/352"}],"wp:attachment":[{"href":"https:\/\/epita.edu.pe\/investigacion\/wp-json\/wp\/v2\/media?parent=45"}],"curies":[{"name":"wp","href":"https:\/\/api.w.org\/{rel}","templated":true}]}}