{"id":206,"date":"2019-08-23T16:32:45","date_gmt":"2019-08-23T16:32:45","guid":{"rendered":"https:\/\/epita.xyz\/investigacion\/?page_id=206"},"modified":"2024-05-20T20:02:44","modified_gmt":"2024-05-20T20:02:44","slug":"dpto-investigacion","status":"publish","type":"page","link":"https:\/\/epita.edu.pe\/investigacion\/dpto-investigacion\/","title":{"rendered":"Investigaci\u00f3n"},"content":{"rendered":"<p><div class=\"SpecialHeading fw-heading  text-center mb-40\">\r\n\t<h2 class=\"special-title is-block-reveal\">INVESTIGACI\u00d3N<\/h2>\r\n\t\t\t<div class=\"special-subtitle-center is-block-reveal font-subheading\">ESCUELA PROFESIONAL DE INGENIER\u00cdA TOPOGR\u00c1FICA Y AGRIMENSURA<\/div>\r\n\t<\/div>\r\n<div class=\"row\">\r\n\t<div class=\"col-sm-6\">\r\n\t\t<p style=\"text-align: center;\"><strong>Dr. Valeriano Condori Apaza<\/strong><strong><br \/><\/strong><em>Coordinador de Investigaci\u00f3n EPITA<\/em><\/p><p style=\"text-align: center;\">Contacto:<br \/><img loading=\"lazy\" decoding=\"async\" class=\"alignnone wp-image-209\" src=\"https:\/\/www.epita.edu.pe\/social\/wp-content\/uploads\/2019\/08\/e-mail.png\" alt=\"\" width=\"20\" height=\"15\" \/><a href=\"mailto:valerianocondori@unap.edu.pe\"><b> valerianocondori@unap.edu.pe<\/b><\/a><\/p>\t<\/div>\r\n\t<div class=\"col-sm-6\">\r\n\t\t<p><img loading=\"lazy\" decoding=\"async\" class=\"alignnone wp-image-348 size-medium\" src=\"https:\/\/epita.edu.pe\/investigacion\/wp-content\/uploads\/2024\/05\/Ing.-Valeriano-Condori-300x300.png\" alt=\"\" width=\"300\" height=\"300\" srcset=\"https:\/\/epita.edu.pe\/investigacion\/wp-content\/uploads\/2024\/05\/Ing.-Valeriano-Condori-300x300.png 300w, https:\/\/epita.edu.pe\/investigacion\/wp-content\/uploads\/2024\/05\/Ing.-Valeriano-Condori-1024x1024.png 1024w, https:\/\/epita.edu.pe\/investigacion\/wp-content\/uploads\/2024\/05\/Ing.-Valeriano-Condori-150x150.png 150w, https:\/\/epita.edu.pe\/investigacion\/wp-content\/uploads\/2024\/05\/Ing.-Valeriano-Condori-768x768.png 768w, https:\/\/epita.edu.pe\/investigacion\/wp-content\/uploads\/2024\/05\/Ing.-Valeriano-Condori-1536x1536.png 1536w, https:\/\/epita.edu.pe\/investigacion\/wp-content\/uploads\/2024\/05\/Ing.-Valeriano-Condori-100x100.png 100w, https:\/\/epita.edu.pe\/investigacion\/wp-content\/uploads\/2024\/05\/Ing.-Valeriano-Condori-700x700.png 700w, https:\/\/epita.edu.pe\/investigacion\/wp-content\/uploads\/2024\/05\/Ing.-Valeriano-Condori-1300x1300.png 1300w, https:\/\/epita.edu.pe\/investigacion\/wp-content\/uploads\/2024\/05\/Ing.-Valeriano-Condori-50x50.png 50w, https:\/\/epita.edu.pe\/investigacion\/wp-content\/uploads\/2024\/05\/Ing.-Valeriano-Condori.png 1772w\" sizes=\"auto, (max-width: 300px) 100vw, 300px\" \/><\/p>\t<\/div>\r\n<\/div><div class=\"fw-accordion\">\r\n\t\t\t<h3 class=\"fw-accordion-title element-title\">Importancia<\/h3>\r\n\t\t<div class=\"fw-accordion-content\">\r\n\t\t\t<p>La importancia de la investigaci\u00f3n en la educaci\u00f3n superior radica en comprender, analizar y aprender algo nuevo o algo que se desconoc\u00eda, ayuda a desarrollar la capacidad de b\u00fasqueda de distintas soluciones a problemas formulados, ademas contribuye al progreso de la lectura critica. Es as\u00ed que podemos considerar a la investigaci\u00f3n de gran beneficio a la sociedad.<\/p>\r\n\t\t<\/div>\r\n\t\t\t<h3 class=\"fw-accordion-title element-title\">Funci\u00f3n<\/h3>\r\n\t\t<div class=\"fw-accordion-content\">\r\n\t\t\t<p>La investigaci\u00f3n es una de las tareas esenciales de la Universidad\r\ny por lo tanto es una de sus mayores responsabilidades el incrementarla, no solo para mejorar la calidad de la docencia, sino para servir mejor al pa\u00eds.<\/p>\r\n\t\t<\/div>\r\n\t\t\t<h3 class=\"fw-accordion-title element-title\">La Ingenier\u00eda y la Investigaci\u00f3n<\/h3>\r\n\t\t<div class=\"fw-accordion-content\">\r\n\t\t\t<p>A los Ingenieros, la investigaci\u00f3n nos permite desarrollar las habilidades, destrezas y actitudes que se requieren para construir datos, informaci\u00f3n y conocimiento, ya que constituye una actividad creadora y productora de nuevas ideas.<\/p>\r\n\t\t<\/div>\r\n\t<\/div>\r\n\t<div class=\"IconText\">\r\n\r\n\t\r\n\t\t<div class=\"icon-text-item\">\r\n\t\t\t<i class=\"icon-documents\"><\/i>\r\n\t\t\t<span>SITIOS WEB Y DOCUMENTOS DE INTERES<\/span>\r\n\t\t<\/div>\r\n\r\n\t\r\n\t<\/div><!-- end IconText -->\r\n<\/p>\n<h6 style=\"padding-left: 40px;\"><strong>\u21d2<\/strong><strong> &nbsp;<\/strong><a href=\"http:\/\/vriunap.pe\/pilar\/transparencia\/index\/3\"><strong>LISTA DE PROYECTOS PRESENTADOS EN LA E.P. INGENIER\u00cdA TOPOGR\u00c1FICA Y AGRIMENSURA&nbsp;<\/strong><\/a><\/h6>\n<h6 style=\"padding-left: 40px;\"><strong>\u21d2<\/strong><strong>&nbsp;<\/strong><a href=\"http:\/\/repositorio.unap.edu.pe\/handle\/UNAP\/856\"><strong>REPOSITORIO DE TESIS E.P. INGENIER\u00cdA TOPOGR\u00c1FICA Y AGRIMENSURA<\/strong><\/a><\/h6>\n<h6 style=\"padding-left: 40px;\"><strong>\u21d2<\/strong> <strong><a href=\"http:\/\/portal.unap.edu.pe\/sites\/default\/files\/Docum-kire\/R.R%201034-2017%20Lineas%20de%20Investigacion.pdf\">RR. APROBACI\u00d3N DE LAS \u00c1REAS Y LINEAS DE INVESTIGACI\u00d3N<\/a><\/strong><\/h6>\n<h6 style=\"padding-left: 40px;\"><strong>\u21d2<\/strong><strong>&nbsp;<\/strong><a href=\"http:\/\/vriunap.pe\/vriadds\/pilar\/doc\/reglamentoPilar2018.pdf\"><strong>REGLAMENTO DEL REGISTRO, PRESENTACI\u00d3N Y DICTAMEN DE LOS PROYECTOS DE TESIS DE PRE GRADO<\/strong><\/a><\/h6>\n<h6 style=\"padding-left: 40px;\"><strong>\u21d2<\/strong><strong>&nbsp;<\/strong><a href=\"https:\/\/www.epita.edu.pe\/investigacion\/wp-content\/uploads\/2019\/09\/Formato-Proy-Tesis-2016-2.docx\"><strong>FORMATO DE BORRADOR DE TESIS<\/strong><\/a><\/h6>\n\r\n\t<div class=\"IconText\">\r\n\r\n\t\r\n\t\t<div class=\"icon-text-item\">\r\n\t\t\t<i class=\"icon-document\"><\/i>\r\n\t\t\t<span>Disposiciones Complementarias\r\n<\/span>\r\n\t\t<\/div>\r\n\r\n\t\r\n\t<\/div><!-- end IconText -->\r\n\n<h6 style=\"padding-left: 40px;\">\u21d2 ESTRUCTURA DE UN ARTICULO CIENT\u00cdFICO EST\u00c1NDAR (formato)<br \/>\n<strong>&nbsp;<\/strong><a href=\"https:\/\/www.epita.edu.pe\/investigacion\/wp-content\/uploads\/2019\/09\/RESOLUCION-DECANATO-172.pdf\">RESOLUCI\u00d3N DE DECANATO N\u00b0 172-2019-D-FCA-UNA-PUNO<\/a><\/h6>\n<h6 style=\"padding-left: 40px;\">\u21d2 POL\u00cdTICA AMBIENTAL<br \/>\n<a href=\"https:\/\/www.epita.edu.pe\/wp-content\/uploads\/2019\/09\/Resolucion-Rectoral-04-JULIO-2019.pdf\">Resoluci\u00f3n Rectoral N\u00b01634-2019-R-UNA<\/a><br \/>\n<a href=\"https:\/\/www.epita.edu.pe\/wp-content\/uploads\/2019\/09\/OFICIO-CIRCULAR-30-2019.pdf\">Oficio Circular N\u00b0 030-2019-VRI-UNA-PUNO<\/a><\/h6>\n","protected":false},"excerpt":{"rendered":"<p>\u21d2 &nbsp;LISTA DE PROYECTOS PRESENTADOS EN LA E.P. INGENIER\u00cdA TOPOGR\u00c1FICA Y AGRIMENSURA&nbsp; \u21d2&nbsp;REPOSITORIO DE TESIS E.P. INGENIER\u00cdA TOPOGR\u00c1FICA Y AGRIMENSURA \u21d2 RR. APROBACI\u00d3N DE LAS \u00c1REAS Y LINEAS DE INVESTIGACI\u00d3N \u21d2&nbsp;REGLAMENTO DEL REGISTRO, PRESENTACI\u00d3N Y DICTAMEN DE LOS PROYECTOS DE TESIS DE PRE GRADO \u21d2&nbsp;FORMATO DE BORRADOR DE TESIS \u21d2 ESTRUCTURA DE UN ARTICULO CIENT\u00cdFICO&#8230;<\/p>\n","protected":false},"author":2,"featured_media":229,"parent":0,"menu_order":0,"comment_status":"closed","ping_status":"closed","template":"","meta":{"footnotes":""},"class_list":["post-206","page","type-page","status-publish","has-post-thumbnail","hentry"],"_links":{"self":[{"href":"https:\/\/epita.edu.pe\/investigacion\/wp-json\/wp\/v2\/pages\/206","targetHints":{"allow":["GET"]}}],"collection":[{"href":"https:\/\/epita.edu.pe\/investigacion\/wp-json\/wp\/v2\/pages"}],"about":[{"href":"https:\/\/epita.edu.pe\/investigacion\/wp-json\/wp\/v2\/types\/page"}],"author":[{"embeddable":true,"href":"https:\/\/epita.edu.pe\/investigacion\/wp-json\/wp\/v2\/users\/2"}],"replies":[{"embeddable":true,"href":"https:\/\/epita.edu.pe\/investigacion\/wp-json\/wp\/v2\/comments?post=206"}],"version-history":[{"count":36,"href":"https:\/\/epita.edu.pe\/investigacion\/wp-json\/wp\/v2\/pages\/206\/revisions"}],"predecessor-version":[{"id":350,"href":"https:\/\/epita.edu.pe\/investigacion\/wp-json\/wp\/v2\/pages\/206\/revisions\/350"}],"wp:featuredmedia":[{"embeddable":true,"href":"https:\/\/epita.edu.pe\/investigacion\/wp-json\/wp\/v2\/media\/229"}],"wp:attachment":[{"href":"https:\/\/epita.edu.pe\/investigacion\/wp-json\/wp\/v2\/media?parent=206"}],"curies":[{"name":"wp","href":"https:\/\/api.w.org\/{rel}","templated":true}]}}